ve of -j**2 + 3*j + 0*j**2 - r*j + 1 + j. What is p(4)?
-6
Let m(l) = -2*l + 1507 - 1521 - 5*l + l. What is m(-4)?
10
Let r(s) = 23*s + 4. Let q(c) = -10*c - 3. Let u(o) = 7*q(o) + 3*r(o). Determine u(-3).
-6
Let g(v) = v + 2. Let o = -6 + 10. Suppose d = o*m - 2 - 4, 0 = -d + m. Suppose d = l - 4. Give g(l).
8
Let t(q) be the second derivative of 0 + 1/12*q**4 + 1/6*q**3 + 17*q + 9/2*q**2 + 1/20*q**5. Let z(d) = d**2 - 6*d - 7. Let p be z(7). What is t(p)?
9
Let l(a) = -4*a**2 - a + 2. Let c be (1/4)/(-5*16/320). What is l(c)?
-1
Suppose 5*i + 14 = 2*c, 5*c = -7*i + 6*i + 35. Let r(s) = s**2 - 10*s + 9. What is r(c)?
-12
Suppose 2*v = -2*v. Suppose v = -4*r - j - 9 - 7, -2*j = 5*r + 20. Let d(z) = z**2 + 4*z + 5. What is d(r)?
5
Let p(f) = -f**3 - 36*f**2 + 4. Let n be p(-36). Let h(s) be the second derivative of s**5/20 - s**4/4 - s**3 + s**2 - s. Calculate h(n).
-6
Let k(l) = l**3 - 16*l**2 - 17*l - 3. Let a be ((-51)/9)/1*-3. What is k(a)?
-3
Let s(c) = 4*c**2 - 3*c - 3. Let v = -1391 - -1395. What is s(v)?
49
Let c = -6 - -9. Let j be -4*(c - 15/4). Let q(h) = 3 + 2*h**3 - j*h**3 - 3*h - 7 - 7*h**2 - 4*h. Determine q(-6).
2
Let p(i) = 2*i**2 - 6*i - 8. Let f be p(6). Let h = f - 26. Let b(y) = -2*y - y**3 + 4*y**h + 14 - 26 + 17. What is b(4)?
-3
Let i(a) = 3*a + 1. Let v be i(-1). Let j(g) = 7*g**2 + 7. Let h(x) = 15*x**2 + 15. Let q(n) = -6*h(n) + 13*j(n). Calculate q(v).
5
Let n(x) be the first derivative of -x**3/3 + 3*x**2 - 4*x + 15. Let w = 12 - 7. Calculate n(w).
1
Let t(k) = 11*k**3 + 2*k**2. Let x(q) = 17*q**3 + 3*q**2. Let w(v) = 8*t(v) - 5*x(v). Let n(a) = 41*a - 2174. Let z be n(53). What is w(z)?
-2
Let d(f) = -f - 1. Let a be d(-3). Let v(r) = -2 + 276*r**2 - 2*r + 1 - 275*r**2. Calculate v(a).
-1
Let c be -7 - (-4 + 4 + 4). Let d(p) = p**2 - 8*p + 4. Let w(x) = 6*x**2 - 41*x + 21. Let l(k) = c*d(k) + 2*w(k). Determine l(-5).
-7
Let g = 20 + -15. Suppose 3*w - 11 = g*o - 1, 4*o + w = 9. Let s(k) = 6*k - 1. What is s(o)?
5
Let p(b) = -10 + 8 + 27*b - 27*b + b**3 + b**2 - 8. Give p(0).
-10
Let w(f) = 15*f**2 - 30*f + 20. Let n(m) = 7*m**2 - 15*m + 10. Let k(b) = -13*n(b) + 6*w(b). Calculate k(14).
4
Let c(l) = -l**2 + 14*l + 8. Let j = 714 + -699. Determine c(j).
-7
Let n = -8 - -20. Let k = -10 + n. Let h(u) be the first derivative of u**4/4 - u**2 + 2*u + 8. Determine h(k).
6
Let s(f) = -8*f - 11. Let x(v) = 7*v + 10. Let u(i) = -6*s(i) - 7*x(i). Let h be (2/(-7))/((-1)/7). Suppose -4 + 12 = -h*y. Give u(y).
0
Let a(m) = 3*m. Let v = 4 + 0. Let x be (-2)/v + 164/(-8). Let u be 6/x - 38/14. Give a(u).
-9
Let o(m) = -4*m**2 + 1. Let i be 2/(-10) - (-2)/10. Suppose i = -3*y + 6*y + 6. Calculate o(y).
-15
Let u(l) = -177*l**2 + l + 3*l + 178*l**2 + 3. Let w be (12/(-10))/((-3)/15). Let g = w - 9. Determine u(g).
0
Let k(a) = 52*a**3 - 26 + 13*a - 11*a**2 - 2*a + 21*a**2 - 53*a**3 + 3*a. Calculate k(11).
7
Let u(r) = -8*r + 0*r**2 + 3 - 6*r**2 + 11*r**3 - 17*r**3. Let o(m) = m**3 + m - 1. Let z(d) = 5*o(d) + u(d). Give z(-5).
-12
Let r be (-1)/(1 - 6/4*1). Let d(g) = -5*g - 3*g**2 - 8*g**2 + 3 + 7*g**r + 3*g. Give d(2).
-17
Let c(f) = 2*f**2 + 2*f. Let x(v) = -v**3 + v**2 + 3*v + 4. Let w be x(3). Let k be (1/(-1))/(w/(-15)). Determine c(k).
12
Let n(j) = -j + 6. Let y be n(-2). Suppose -y*k = -9 + 9. Let u(i) = -i**3 + i**2 - i + 2. Calculate u(k).
2
Suppose -3 + 19 = 4*b. Let w be -1*((-22)/(-6) - (-4)/3). Let z(n) = 16*n - 10. Let o(f) = -11*f + 7. Let a(h) = w*z(h) - 7*o(h). Calculate a(b).
-11
Let w(l) = -3*l + 7. Let x(z) = 3*z - 6. Let y(m) = -5*w(m) - 4*x(m). Let p(g) = 3*g - 12. Let j = -38 - -42. Let c(q) = j*p(q) - 5*y(q). Calculate c(5).
-8
Suppose 176 = -3*g - 2*l - 21, 4*l = 4*g + 236. Let v be 2/(7/(g/6)). Let z(q) = 5 - 1 - 2 - q**2 - 3*q. What is z(v)?
2
Let b(r) = -4*r**3 + 2*r**2 - 1. Suppose n + 2*n - 11 = -2*u, -n = 2*u - 5. Suppose -5*c - 2 = n. Give b(c).
5
Let p(l) be the second derivative of 2*l**3/3 - l**2 - 10*l. Let g(j) = 21*j - 11. Let x(m) = -2*g(m) + 11*p(m). Calculate x(3).
6
Suppose 13*p = 6*p + 21. Let m(q) be the second derivative of 3*q**3/2 - 3*q**2/2 - 10*q. Determine m(p).
24
Let x(p) = 3*p - 1. Let g(r) = -2*r - 21. Let d be g(-11). Let q be x(d). Let l be (-121)/33 - q/(-3). Let j(k) = k**2 - 2. Calculate j(l).
7
Let u be 5/(15/4) + (-8)/(-12). Suppose u*i - 7 = -11. Let d(h) = 2*h**3 + h**2 - h + 2. Calculate d(i).
-8
Let i(w) = -w**3 + w**2 + 3*w + 1. Suppose -2*y + 29 = 23. Suppose 4*l + b = 9, 3*l + 0 = -5*b + 11. Suppose l*j - j = y. What is i(j)?
-8
Suppose -5*z = -6*z + 3. Suppose 0 = i - 0 + z. Let n(u) = -u - 1 + u**2 + 2 + 5*u. Give n(i).
-2
Let s(l) = 25 - 4*l + 8*l - l**2 - 5*l. Calculate s(5).
-5
Let h(n) = -n**2 + 7*n - 2. Suppose -5*w = 4*c - 6 - 7, 0 = -5*c - 4*w + 23. Let g(q) = 2*q + 1. Let m be g(c). Let r = m - 8. Calculate h(r).
-2
Let u(f) = 17 - 16 - f**2 - 48*f**3 + 13*f - 20*f + 6*f. Calculate u(1).
-49
Let c(w) be the third derivative of w**4/8 - 2*w**3/3 - w**2. Let j(v) be the first derivative of v**3 - 2*v**2 + 4*v - 19. Let q be j(1). Give c(q).
5
Let u(o) = o + 1. Suppose w - 5 = -0*w + 3*y, w = 2*y + 2. Let q(z) = z - 5. Let x(n) = w*u(n) + q(n). Give x(-6).
9
Let g(l) = l**3 + l**2 + 6. Let x(j) = j**3 + 3*j**2 - j + 12. Let b be x(-4). Calculate g(b).
6
Let i(q) = 3*q**2 - 16*q - 13. Suppose 0 = 5*p - 5*z - 45, -4*p - 3*z - 28 = -43. Calculate i(p).
-1
Let i(y) be the second derivative of y**5/20 - y**4/3 - 2*y**3/3 - 3*y**2/2 - 11*y. Give i(5).
2
Let a be 24/30*10/(-4). Let v be 54/(-72)*(a - -6). Let u(k) = -k. Calculate u(v).
3
Let w = -3/454 + 245/2724. Let u(k) be the second derivative of 0 - 4*k - w*k**4 + 0*k**2 + 2/3*k**3 - 1/20*k**5. Give u(-3).
6
Let a(z) = 2*z**2 - 6*z + 11. Let l(b) = -b**2 + b - 2. Let x(q) = 2*a(q) + 6*l(q). Give x(-7).
-46
Suppose -3*q - 7*n = -9*n - 11, -n = -q + 4. Let o(l) = -l**3 + 5*l**2 - 2*l + 1. Determine o(q).
13
Let z(i) = i**2 - 2*i. Suppose -2*m - 23*m = -75. Give z(m).
3
Let j(v) = 2*v**2 - 11. Let b(g) = 6*g**2 - 30. Let i(q) = 3*b(q) - 8*j(q). Calculate i(-2).
6
Let z be (15/12)/((-1)/(-4)). Let g(b) = 2*b**2 - 2*b - 2. Let d be g(2). Let r(t) = 2*t - z*t + t - d*t**2 + t**3. What is r(-2)?
-12
Let x = 5 - 4. Let v(l) = -33*l**2 - 4 + 3 + 35*l**2 + 19*l**3. What is v(x)?
20
Let q(b) = -b**2 + 11*b + 2. Let z be q(4). Let o(r) = -z*r - 1 + r**2 + 23*r + 11*r. Calculate o(-3).
-4
Suppose -5*d + 35 = 5*a, -4*d - 3 = -5*a - d. Let x(f) be the second derivative of f**3/6 - f**2 + 26*f. Determine x(a).
1
Let x(j) = 2*j**2 + j + 4. Let i(a) = 5*a**2 - 7. Let p(t) = i(t) - 2*x(t). Determine p(0).
-15
Suppose 87*t = 92*t. Suppose -21*r = -t*r + 42. Let i(a) = a**3 - 3*a - 3. Determine i(r).
-5
Let j = 163 + -157. Let l = -12 - -25. Let r(m) = l - 3*m - 2*m + 4*m. What is r(j)?
7
Suppose 0 = -o - o. Let b(l) = 3 + l - 6 + o*l. Let s = 263 + -260. Calculate b(s).
0
Suppose 5*v - 35 = -0*v - l, l = -v + 11. Let c(t) be the second derivative of -t**3/6 + 3*t**2/2 + 13*t. Give c(v).
-3
Let j(z) = z**2 + 3*z + 2. Suppose -11 = 4*y - 4*r + 3*r, -45 = 5*y + 5*r. Give j(y).
6
Let v(m) be the third derivative of m**5/12 - m**3/6 - 51*m**2. What is v(1)?
4
Let v(r) = 1. Let g(l) = -l - 8. Let t be 2 + -5 - (-1)/(-2)*0. Let n(k) = t*v(k) - g(k). Calculate n(-4).
1
Let h(r) be the third derivative of -r**6/12 - r**3/6 + 821*r**2. What is h(1)?
-11
Let q be (-2)/(-11) + 31/11. Let s(p) = -5*p**q + 0 - 2 + 4*p**3 + p. Suppose -3*c - 5 = 1. Determine s(c).
4
Let j(i) be the second derivative of i**5/20 - i**4/3 - i**3 + 7*i**2/2 + 3*i. Let n be (-20)/3*57/(-76). Give j(n).
2
Let k = -94 - -82. Let v = k + 10. Let t(b) = -b**3 - 2*b**2 - b. Give t(v).
2
Let w(h) be the third derivative of -h**5/60 - 3*h**4/8 + h**3/6 + 284*h**2. Determine w(-9).
1
Suppose -4*u = -3*m - 9, -5*m + 2*m = -2*u + 3. Let f be (-2)/5*m + (-36)/(-15). Let d(h) = -2*h**2 - 2 + 0 + 1 + 2*h. Determine d(f).
-5
Let b(a) be the third derivative of a**5/60 - 5*a**4/8 + 13*a**3/6 + 10*a**2. Let i be b(14). Let s(d) = 4*d**2 - 1. Determine s(i).
3
Let d(r) = -64 + 0*r**2 - 69 + 3*r**2 - r**2 + 130. Determine d(-3).
15
Let n = 1 - -1. Suppose q - 3*q - 21 = -5*f, 4*q = 5*f - 17. Let l(b) = -10*b**2 + 2*b**2 + 10*b**q - 4*b**2 + 3*b. Determine l(n).
-2
Suppose 3*